 6*q**2 + 2. Give r(6).
2
Let y(k) = -k**3 - 4*k**2 + 91*k + 469. Give y(-6).
-5
Let w(q) = q**3 - 4*q**2 - 6*q + 8. Calculate w(6).
44
Let h(o) = -o**3 + 10*o**2 + 24*o + 3. Calculate h(12).
3
Let f(h) = -10*h + 36. Give f(6).
-24
Let s(h) = -8*h + 161. Give s(21).
-7
Let o(j) = -7*j**2 - 2. What is o(2)?
-30
Let y(q) = 2*q + 38. Calculate y(-19).
0
Let q(p) = -14*p. What is q(2)?
-28
Let d(s) = -s**2 - 27*s - 8. What is d(0)?
-8
Let w(a) = -a**2 + 55*a - 641. Determine w(17).
5
Let s(r) = -r**2 - 15*r + 34. Give s(-17).
0
Let k(o) = o**3 - 12*o**2 - 16*o + 5. Give k(13).
-34
Let o(r) = 5*r**2 + 20*r - 54. Determine o(-6).
6
Let j(r) = 2*r**3 + 14*r**2 + 3*r + 36. Give j(-7).
15
Let y(x) = x**2 - 8*x - 34. Determine y(9).
-25
Let v(p) = p**2 + 14*p - 13. Give v(-13).
-26
Let p(t) = 5*t + 35. What is p(8)?
75
Let s(t) = -t**3 + 25*t**2 + 28*t - 82. Determine s(26).
-30
Let k(o) = -7*o**2 + o - 8. Give k(3).
-68
Let s(i) = i**2 + 7*i + 4. Give s(-7).
4
Let d(z) = -13*z - 2. What is d(-2)?
24
Let i(s) = 3*s**2 + 18*s - 10. Give i(-7).
11
Let k(m) = m - 5. What is k(3)?
-2
Let p(q) = 6*q**2 - 10*q - 5. Give p(-1).
11
Let g(p) = p**2 - 9*p + 1. Give g(6).
-17
Let n(y) = 3*y**2 - 31*y + 5. Give n(12).
65
Let a(r) = -2*r - 10. What is a(-4)?
-2
Let w(d) = -3*d**3 - 4*d**2 - 4*d - 2. Calculate w(-2).
14
Let l(w) = 4*w**3 + 3*w**2 + 6*w + 3. What is l(-3)?
-96
Let y(w) = -2*w**2 + 107*w - 409. Calculate y(4).
-13
Let c(v) = 4*v**2 + 24*v + 5. Determine c(-7).
33
Let c(f) = f**3 - 89*f**2 + 419*f + 88. Determine c(84).
4
Let n(v) = -13*v**3 + v**2 - 1. What is n(-1)?
13
Let h(d) = -12*d**3 - 3*d**2 + 2*d - 1. Give h(1).
-14
Let j(l) = l**3 + 17*l**2 - 86*l - 42. Calculate j(-21).
0
Let w(j) = -13*j + 319. Determine w(24).
7
Let u(x) = -x**3 + 23*x**2 - 4*x + 19. Calculate u(23).
-73
Let j(f) = -62*f - 238. What is j(-4)?
10
Let o(r) = 10*r + 17. Calculate o(11).
127
Let l(p) = p**2 - 8*p + 1. Give l(6).
-11
Let q(j) = 2*j - 4. What is q(3)?
2
Let m(d) = -d**3 + d**2 + 4*d - 24. Give m(-3).
0
Let n(v) = v**3 + 3*v**2 - 5*v + 4. What is n(-5)?
-21
Let o(h) = h**3 + 8*h**2 - 10*h - 7. Give o(-9).
2
Let g(p) = p**3 - 18*p**2 + 16*p + 19. Give g(17).
2
Let l(b) = -b - 7. Calculate l(-4).
-3
Let j(x) = 4*x + 53. Give j(-15).
-7
Let q(h) = -5*h - 139. Determine q(-28).
1
Let x(f) = f**2 + 12*f + 26. Calculate x(-11).
15
Let i(w) = 19*w - 87. Calculate i(6).
27
Let g(m) = -2*m - 11. Give g(-4).
-3
Let m(i) = 18*i - 5. Give m(-2).
-41
Let x(q) = -2*q**3 + 5*q**2 + 3. What is x(4)?
-45
Let v(t) = -27*t + 18. What is v(3)?
-63
Let s(y) = 18*y**2 - 3*y - 1. Calculate s(1).
14
Let d(k) = 2*k - 4. Determine d(4).
4
Let g(k) = k + 22. What is g(-20)?
2
Let j(u) = u**2 + 25*u + 29. Determine j(-24).
5
Let c(s) = -s**2 - 43*s - 40. Determine c(-43).
-40
Let z(i) = 2*i - 9. What is z(12)?
15
Let n(r) = -r + 22. Calculate n(21).
1
Let c(i) = i + 23. What is c(-5)?
18
Let o(p) = 4*p + 6. Determine o(-4).
-10
Let c(w) = 5*w**3 - 29*w**2 - w - 14. What is c(6)?
16
Let y(l) = l**3 + 9*l**2 + 2*l - 26. Give y(-8).
22
Let m(r) = 4*r**2 + 2*r + 1. Calculate m(-1).
3
Let v(x) = x**2 + 8*x + 10. Determine v(-5).
-5
Let y(m) = -10*m**3 - m**2 - 2*m - 1. Calculate y(-1).
10
Let x(h) = h**3 - 14*h**2 - 2*h + 4. Give x(14).
-24
Let h(m) = -m**2 + 4*m + 4. What is h(6)?
-8
Let j(f) = -2*f**2 + 12*f + 4. Give j(7).
-10
Let m(r) = 5*r**2 + 45*r - 51. Calculate m(-10).
-1
Let c(t) = -t**2 - 5*t + 52. Give c(5).
2
Let z(h) = -h**2 - 11*h + 49. Determine z(-15).
-11
Let w(m) = m + 3. What is w(2)?
5
Let s(n) = n**3 - n**2 + 2*n - 3. Calculate s(3).
21
Let m(d) = -4*d - 26. What is m(-7)?
2
Let n(u) = u + 11. Give n(4).
15
Let a(j) = j**2 + 12*j - 3. Calculate a(-15).
42
Let n(z) = -z**3 + 5*z**2 - 6*z - 4. Give n(5).
-34
Let n(j) = j**3 - 5*j**2 - 7*j + 8. Calculate n(6).
2
Let a(r) = 3*r + 109. What is a(-32)?
13
Let a(w) = -21*w - 837. Give a(-40).
3
Let t(a) = -a**2 - 10*a + 21. What is t(2)?
-3
Let z(h) = h**3 - 4*h**2 + 7*h - 10. Determine z(4).
18
Let n(f) = -f**3 - f - 1. Give n(-1).
1
Let y(s) = 2*s + 14. Calculate y(-11).
-8
Let l(y) = y**2 + 23*y - 366. Determine l(11).
8
Let s(k) = -62*k - 430. Calculate s(-7).
4
Let h(k) = -3*k**3 + 29*k**2 - 16*k - 19. What is h(9)?
-1
Let q(k) = k**2 - 7*k - 6. Calculate q(8).
2
Let m(z) = 12*z - 4. Give m(1).
8
Let o(w) = 11*w**3 - 3*w + 3. What is o(1)?
11
Let l(j) = j + 24. Determine l(19).
43
Let n(a) = -10*a + 14. Determine n(2).
-6
Let h(l) = l. Determine h(9).
9
Let f(y) = y**3 + 3*y**2 + 2*y + 3. What is f(-2)?
3
Let p(q) = q**2 - 19*q + 65. What is p(5)?
-5
Let d(a) = a**2 - 4. What is d(0)?
-4
Let m(k) = 18*k**3 - 2*k - 1. Give m(-1).
-17
Let q(d) = -d**3 - 18*d**2 - 12*d + 32. Calculate q(-17).
-53
Let f(i) = i**3 + 5*i**2 + 5*i - 1. Give f(-4).
-5
Let n(v) = -v**3 + 4*v**2 + 21*v - 9. Determine n(7).
-9
Let j(q) = 7*q - 2. Calculate j(-1).
-9
Let w(h) = h**2 - 5*h - 28. What is w(7)?
-14
Let r(d) = -d**3 - 4*d**2 + 7*d - 4. Calculate r(-6).
26
Let o(x) = 6*x - 103. Calculate o(15).
-13
Let t(m) = -m**2 - 40*m - 200. Give t(-6).
4
Let n(q) = -2*q. Calculate n(5).
-10
Let d(j) = j**3 + 2*j**2 - j + 1. What is d(-3)?
-5
Let d(v) = v**2 + 15*v + 12. Give d(-14).
-2
Let f(j) = -j**3 - 19*j**2 - 19*j - 22. What is f(-18)?
-4
Let z(u) = 8*u - 24. Determine z(2).
-8
Let b(g) = g**3 + 4*g**2 - 2*g + 9. Determine b(-4).
17
Let z(b) = b**3 - 9*b**2 + 9*b - 12. Give z(8).
-4
Let o(c) = c**3 - 5*c**2 + 4*c - 2. Determine o(3).
-8
Let l(z) = -z**3 - 7*z**2 + 13*z + 13. Determine l(-9).
58
Let g(r) = r**2 - 5*r - 6. Give g(10).
44
Let p(t) = t**3 + 36*t**2 + t - 10. Give p(-36).
-46
Let s(n) = -n**3 - 3*n**2 - 5*n - 6. Give s(-2).
0
Let s(y) = -y**2 - 21*y - 30. Give s(-20).
-10
Let t(m) = m**2 - 61*m + 419. What is t(8)?
-5
Let m(r) = 85*r - 499. Give m(6).
11
Let c(u) = 17*u + 470. Give c(-28).
-6
Let h(l) = -4*l**3 - 14*l**2 + 6*l - 9. What is h(-4)?
-1
Let p(i) = -33*i**2 + 20*i - 20. What is p(1)?
-33
Let d(q) = -26*q**3 + q**2 - q - 2. Calculate d(-1).
26
Let g(l) = 46*l**3 - l**2 + l. What is g(1)?
46
Let t(j) = -2*j - 19. What is t(-15)?
11
Let x(a) = a**2 - 16*a - 26. What is x(19)?
31
Let d(v) = -v + 14. Give d(18).
-4
Let i(j) = -2*j**3 - j**2 - 5. Calculate i(-4).
107
Let t(r) = -7*r**3 + r**2 + r + 1. What is t(-1)?
8
Let q(j) = -10*j + 1. What is q(2)?
-19
Let w(i) = -2*i**3 - i**2 + i + 2. Determine w(-2).
12
Let c(n) = 2*n - 12. Calculate c(3).
-6
Let o(z) = -6*z**3 + 2*z**2 - 2*z + 3. Calculate o(2).
-41
Let o(z) = -7*z + 81. What is o(3)?
60
Let k(u) = -u**2 - 14*u - 36. Give k(-8).
12
Let q(d) = -d - 21. What is q(8)?
-29
Let h(b) = b - 5. Determine h(6).
1
Let p(r) = 2*r - 79. Determine p(15).
-49
Let k(d) = -d**3 + 7*d**2 - 14*d + 104. What is k(7)?
6
Let j(p) = -p - 34. What is j(0)?
-34
Let i(h) = -18*h**3 - h - 2. Calculate i(-1).
17
Let i(n) = -n**3 + 13*n**2 + 4*n - 17. Give i(13).
35
Let v(m) = 4*m**2 + 1. Determine v(2).
17
Let n(j) = -j**2 - 15*j - 44. What is n(-6)?
10
Let n(s) = 44*s - 4. Determine n(-2).
-92
Let o(p) = 3*p**2 - 26*p + 44. What is o(3)?
-7
Let o(f) = f**2 + 16*f - 23. Give o(-18).
13
Let o(y) = 3*y + 106. Calculate o(-29).
19
Let p(q) = 32*q - 674. Give p(21).
-2
Let p(o) = -18*o**3 + o**2 + 4*o - 4. What is p(1)?
-17
Let v(d) = d**3 + 17*d**2 + 5*d + 18. What is v(-17)?
-67
Let m(t) = t**3 + 3*t**2 - 4*t + 3. Determine m(2).
15
Let h(m) = -8*m + 43. Determine h(5).
3
Let a(b) = b**3 + 28*b**2 - 33*b - 92. Calculate a(-29).
24
Let h(v) = -2*v**3 - 2*v**2 + v - 2. What is h(-2)?
4
Let s(m) = -23*m - 8. Calculate s(2).
-54
Let c(i) = -34*i + 217. Determine c(6).
13
Let b(d) = d**3 + 6*d**2 + 6*d + 12. Calculate b(-5).
7
Let u(r) = 6*r**2 - 4*r + 3. Determine u(2).
19
Let o(z) = -10*z + 1. Calculate o(1).
-9
Let d(f) = f**3 - 11*f**2 - 13*f - 21. Calculate d(12).
-33
Let v(p) = p**3 + 26*p**2 + 20*p - 127. Calculate v(-25).
-2
Let z(g) = -14*g + 3. Give z(3).
-39
Let q(t) = -t**3 + 14*t**2 + 14*t - 5. Determine q(15).
-20
Let a(h) = h**2 - 9*h - 12. Give a(9).
-12
Let h(l) = -4*l - 1. Calculate h(-10).
39
Let g(k) = k**2 + 13*k - 9. What is g(-14)?
5
Let j(q) = 4*q - 15. What is j(6)?
9
Let s(k) = -4*k**3 - 2*k + 2. Determine s(-2).
38
Let l(u) = 2*u**2 - 6*u + 17. Calculate l(4).
25
Let d(o) = 6